 common factor of 7 and 4627.
7
Calculate the greatest common divisor of 234 and 546.
78
What is the highest common factor of 6 and 74?
2
Calculate the greatest common divisor of 44 and 1460.
4
What is the greatest common divisor of 22 and 2486?
22
What is the highest common factor of 133 and 2489?
19
Calculate the highest common factor of 20 and 388.
4
Calculate the highest common divisor of 220 and 99.
11
Calculate the highest common factor of 760 and 1160.
40
Calculate the highest common factor of 222 and 54.
6
What is the greatest common factor of 560 and 20?
20
What is the greatest common factor of 3 and 96?
3
Calculate the highest common factor of 770 and 42.
14
Calculate the highest common divisor of 553 and 7.
7
Calculate the highest common divisor of 28 and 8.
4
Calculate the greatest common divisor of 938 and 536.
134
What is the highest common divisor of 36 and 348?
12
Calculate the highest common factor of 86 and 301.
43
What is the greatest common divisor of 798 and 912?
114
What is the highest common divisor of 46 and 920?
46
Calculate the highest common divisor of 5 and 23.
1
What is the greatest common divisor of 346 and 14013?
173
What is the highest common divisor of 13 and 191?
1
What is the greatest common divisor of 24 and 3?
3
What is the greatest common factor of 250 and 35?
5
Calculate the greatest common factor of 22 and 12760.
22
What is the greatest common factor of 21 and 12341?
7
Calculate the highest common divisor of 29 and 783.
29
What is the highest common factor of 6496 and 1568?
224
What is the highest common factor of 110 and 430?
10
Calculate the greatest common divisor of 236 and 4.
4
Calculate the highest common divisor of 290 and 58.
58
What is the greatest common divisor of 14 and 5726?
14
Calculate the highest common factor of 3 and 277.
1
Calculate the greatest common divisor of 93 and 372.
93
Calculate the highest common divisor of 11750 and 30.
10
Calculate the highest common factor of 48 and 3408.
48
Calculate the greatest common factor of 57 and 2907.
57
What is the highest common factor of 174 and 3?
3
What is the highest common divisor of 42 and 15?
3
Calculate the greatest common divisor of 82 and 1312.
82
Calculate the highest common factor of 1628 and 66.
22
Calculate the highest common divisor of 48 and 138.
6
Calculate the greatest common divisor of 279 and 1125.
9
What is the greatest common factor of 215 and 989?
43
Calculate the greatest common factor of 4 and 996.
4
What is the greatest common divisor of 424 and 318?
106
What is the highest common divisor of 1092 and 168?
84
What is the highest common divisor of 36 and 27?
9
What is the highest common divisor of 56 and 128?
8
Calculate the highest common divisor of 764 and 20.
4
Calculate the greatest common divisor of 276 and 92.
92
What is the highest common factor of 1395 and 15?
15
Calculate the highest common divisor of 1250 and 1.
1
What is the highest common factor of 1482 and 52?
26
Calculate the greatest common divisor of 1058 and 506.
46
Calculate the greatest common divisor of 99 and 418.
11
Calculate the greatest common factor of 560 and 336.
112
Calculate the highest common factor of 114 and 8512.
38
Calculate the greatest common divisor of 1236 and 48.
12
Calculate the greatest common factor of 68 and 646.
34
Calculate the greatest common divisor of 42 and 1554.
42
Calculate the highest common divisor of 8 and 776.
8
Calculate the highest common divisor of 14 and 280.
14
Calculate the greatest common factor of 18 and 32.
2
Calculate the highest common factor of 2108 and 272.
68
What is the highest common divisor of 20 and 12230?
10
What is the highest common factor of 1147 and 851?
37
Calculate the greatest common divisor of 29 and 202.
1
Calculate the greatest common divisor of 47 and 2491.
47
What is the greatest common factor of 65 and 377?
13
Calculate the highest common divisor of 396 and 2868.
12
Calculate the highest common factor of 4176 and 87.
87
Calculate the greatest common divisor of 18882 and 18.
18
What is the highest common divisor of 2405 and 26?
13
What is the highest common factor of 26 and 91?
13
What is the highest common factor of 12 and 222?
6
What is the greatest common factor of 2373 and 168?
21
What is the highest common divisor of 688 and 1333?
43
What is the greatest common divisor of 63 and 49?
7
What is the highest common factor of 60 and 29370?
30
Calculate the greatest common factor of 300 and 4950.
150
What is the highest common factor of 208 and 12?
4
What is the greatest common factor of 479 and 20?
1
What is the highest common factor of 36 and 306?
18
What is the greatest common divisor of 123 and 28659?
123
Calculate the greatest common factor of 12 and 10236.
12
Calculate the highest common factor of 2209 and 47.
47
What is the greatest common divisor of 140 and 310?
10
What is the greatest common factor of 5 and 395?
5
Calculate the greatest common factor of 16 and 1744.
16
Calculate the greatest common factor of 1267 and 7.
7
What is the highest common divisor of 24 and 456?
24
What is the highest common divisor of 1406 and 114?
38
Calculate the highest common divisor of 247 and 209.
19
What is the highest common divisor of 1591 and 74?
37
Calculate the highest common factor of 1323 and 27.
27
Calculate the highest common divisor of 132 and 18084.
132
What is the greatest common divisor of 19 and 551?
19
What is the highest common divisor of 2407 and 83?
83
Calculate the highest common factor of 763 and 7.
7
What is the highest common factor of 35322 and 63?
21
What is the greatest common factor of 8550 and 270?
90
What is the greatest common divisor of 6105 and 45?
15
Calculate the highest common factor of 5 and 835.
5
What is the greatest common divisor of 12883 and 13?
13
What is the highest common factor of 22 and 5324?
22
Calculate the greatest common divisor of 55 and 5.
5
What is the greatest common divisor of 261 and 3683?
29
What is the highest common factor of 270 and 35?
5
Calculate the greatest common factor of 11275 and 82.
41
Calculate the greatest common factor of 70 and 70.
70
What is the greatest common factor of 237 and 79?
79
What is the greatest common factor of 23 and 368?
23
Calculate the highest common divisor of 852 and 12.
12
Calculate the greatest common factor of 475 and 25.
25
What is the greatest common factor of 923 and 13?
13
Calculate the highest common factor of 455 and 1855.
35
Calculate the greatest common factor of 1110 and 60.
30
Calculate the highest common divisor of 143 and 187.
11
Calculate the highest common factor of 299 and 637.
13
What is the highest common divisor of 9 and 219?
3
Calculate the greatest common factor of 7387 and 83.
83
Calculate the greatest common divisor of 927 and 824.
103
Calculate the greatest common divisor of 63 and 14.
7
What is the highest common factor of 32 and 968?
8
What is the highest common divisor of 64 and 928?
32
Calculate the greatest common divisor of 41402 and 489.
163
Calculate the highest common divisor of 15 and 15.
15
What is the greatest common factor of 58 and 3741?
29
Calculate the highest common factor of 4 and 26.
2
What is the highest common factor of 16686 and 162?
162
What is the greatest common divisor of 5 and 155?
5
Calculate the greatest common factor of 9 and 45.
9
Calculate the greatest common factor of 183 and 15.
3
Calculate the highest common factor of 7655 and 5.
5
Calculate the greatest common divisor of 13 and 1287.
13
What is the highest common factor of 20 and 100?
20
What is the greatest common divisor of 2 and 10?
2
What is the greatest common divisor of 1479 and 34?
17
What is the greatest common factor of 1521 and 234?
117
Calculate the greatest common factor of 28542 and 201.
201
What is the greatest common divisor of 36 and 153?
9
Calculate the greatest common divisor of 250 and 30.
10
Calculate the greatest common divisor of 416 and 160.
32
Calculate the highest common divisor of 24 and 984.
24
Calculate the highest common divisor of 520 and 390.
130
Calculate the highest common factor of 13440 and 210.
210
What is the highest common divisor of 10 and 810?
10
What is the greatest common factor of 40 and 3320?
40
Calculate the greatest common divisor of 392 and 8.
8